ase 15
5
-332 (base 5) to base 13
-71
Convert -1 (base 15) to base 6.
-1
21 (base 8) to base 2
10001
Convert -24 (base 7) to base 16.
-12
What is -151 (base 9) in base 12?
-a7
-2 (base 7) to base 3
-2
Convert -17 (base 9) to base 7.
-22
What is 1 (base 9) in base 3?
1
8 (base 9) to base 6
12
Convert -333 (base 5) to base 12.
-79
-3 (base 11) to base 13
-3
What is 4 (base 15) in base 6?
4
Convert -12 (base 5) to base 3.
-21
Convert 4 (base 9) to base 11.
4
3 (base 6) to base 14
3
Convert -9 (base 15) to base 13.
-9
Convert -353 (base 10) to base 5.
-2403
Convert -143 (base 5) to base 3.
-1210
Convert 2a (base 13) to base 10.
36
Convert 23 (base 6) to base 16.
f
Convert 402 (base 5) to base 11.
93
1 (base 11) to base 12
1
Convert 5 (base 10) to base 3.
12
Convert -6 (base 8) to base 6.
-10
Convert 20 (base 3) to base 5.
11
1 (base 9) to base 15
1
-12 (base 4) to base 6
-10
What is -3 (base 15) in base 5?
-3
-1 (base 4) to base 9
-1
11111 (base 2) to base 15
21
What is 4 (base 14) in base 3?
11
Convert -2 (base 13) to base 7.
-2
Convert 93 (base 14) to base 4.
2001
3 (base 6) to base 5
3
-4 (base 9) to base 3
-11
-4 (base 12) to base 4
-10
Convert -160 (base 8) to base 16.
-70
Convert -80 (base 11) to base 5.
-323
-2 (base 16) to base 4
-2
What is -11 (base 2) in base 10?
-3
What is -60 (base 8) in base 3?
-1210
What is -331 (base 7) in base 14?
-c1
Convert 0 (base 3) to base 5.
0
Convert -3 (base 12) to base 15.
-3
What is -7 (base 15) in base 14?
-7
5 (base 8) to base 11
5
Convert 2 (base 6) to base 7.
2
Convert c0 (base 14) to base 3.
20020
41 (base 7) to base 13
23
What is 4 (base 14) in base 11?
4
10011 (base 2) to base 15
14
What is 1001 (base 3) in base 13?
22
What is 2d (base 14) in base 7?
56
Convert -6 (base 14) to base 3.
-20
Convert -11 (base 8) to base 4.
-21
What is -11100 (base 2) in base 5?
-103
What is 1000110 (base 2) in base 12?
5a
What is 5 (base 10) in base 4?
11
101 (base 2) to base 15
5
Convert 120 (base 7) to base 3.
2100
What is 9 (base 10) in base 2?
1001
What is 0 (base 3) in base 15?
0
Convert -256 (base 7) to base 3.
-12011
Convert -103 (base 5) to base 4.
-130
-32 (base 7) to base 11
-21
What is 13 (base 5) in base 11?
8
82 (base 13) to base 14
78
1 (base 2) to base 15
1
What is 61 (base 8) in base 3?
1211
What is 221 (base 3) in base 16?
19
What is -1053 (base 6) in base 3?
-100020
What is 0 (base 6) in base 15?
0
-65 (base 12) to base 16
-4d
3231 (base 4) to base 16
ed
6d (base 14) to base 2
1100001
What is -9 (base 12) in base 5?
-14
Convert 8 (base 12) to base 8.
10
What is 1001100 (base 2) in base 11?
6a
0 (base 3) to base 14
0
What is 13 (base 15) in base 2?
10010
What is 10 (base 3) in base 16?
3
What is -10001 (base 4) in base 8?
-401
Convert -17 (base 10) to base 8.
-21
Convert -2012 (base 5) to base 2.
-100000001
11 (base 2) to base 9
3
Convert 22 (base 9) to base 10.
20
What is 277 (base 12) in base 13?
232
69 (base 11) to base 4
1023
-d (base 16) to base 6
-21
Convert 130 (base 4) to base 6.
44
0 (base 8) to base 16
0
What is -15 (base 13) in base 3?
-200
210 (base 7) to base 5
410
3 (base 14) to base 7
3
What is 14c (base 13) in base 3?
22122
3 (base 4) to base 8
3
Convert -21 (base 16) to base 7.
-45
Convert -41 (base 12) to base 2.
-110001
What is c4 (base 14) in base 10?
172
-5 (base 6) to base 5
-10
What is d (base 16) in base 8?
15
Convert 1 (base 11) to base 8.
1
What is 11001 (base 2) in base 3?
221
Convert 52 (base 10) to base 12.
44
What is 4 (base 7) in base 4?
10
Convert 4 (base 11) to base 6.
4
Convert -5 (base 13) to base 14.
-5
-168 (base 10) to base 13
-cc
What is -105 (base 6) in base 4?
-221
Convert -5 (base 11) to base 15.
-5
-38 (base 9) to base 5
-120
18 (base 15) to base 2
10111
What is 304 (base 5) in base 4?
1033
-3 (base 16) to base 12
-3
Convert 1 (base 4) to base 12.
1
-3b (base 12) to base 13
-38
Convert 1 (base 5) to base 14.
1
Convert -1 (base 6) to base 8.
-1
Convert -7 (base 10) to base 9.
-7
105 (base 8) to base 12
59
What is -525 (base 6) in base 8?
-305
Convert -121 (base 5) to base 7.
-51
What is 5 (base 12) in base 7?
5
What is -5 (base 13) in base 4?
-11
What is 1d (base 16) in base 9?
32
What is -3 (base 11) in base 3?
-10
Convert -5 (base 11) to base 16.
-5
-100 (base 3) to base 13
-9
Convert -3 (base 4) to base 15.
-3
Convert -1 (base 16) to base 3.
-1
What is -21011 (base 3) in base 16?
-c1
-10101 (base 2) to base 9
-23
Convert 0 (base 16) to base 2.
0
Convert -131 (base 13) to base 15.
-de
-2 (base 14) to base 4
-2
What is -14 (base 12) in base 8?
-20
Convert -1 (base 7) to base 15.
-1
Convert -2 (base 8) to base 5.
-2
-4 (base 10) to base 5
-4
Convert 4 (base 9) to base 15.
4
-9 (base 15) to base 8
-11
-11 (base 2) to base 8
-3
224 (base 7) to base 4
1310
What is -6 (base 16) in base 6?
-10
What is 0 (base 2) in base 9?
0
Convert 1 (base 16) to base 13.
1
What is 32 (base 4) in base 5?
24
Convert 2 (base 15) to base 5.
2
What is -212 (base 6) in base 5?
-310
Convert 10 (base 2) to base 5.
2
Convert -100 (base 2) to base 11.
-4
10 (base 4) to base 7
4
Convert 14 (base 6) to base 15.
a
What is -8a (base 13) in base 6?
-310
What is 10 (base 8) in base 3?
22
118 (base 9) to base 11
8a
What is -3d (base 16) in base 8?
-75
Convert -1 (base 11) to base 5.
-1
2 (base 12) to base 3
2
What is -122 (base 8) in base 13?
-64
7 (base 16) to base 3
21
What is -2c (base 15) in base 5?
-132
6 (base 10) to base 8
6
2 (base 7) to base 13
2
What is -10 (base 7) in base 11?
-7
3 (base 9) to base 6
3
What is 250 (base 6) in base 7?
204
Convert 113 (base 4) to base 11.
21
2 (base 14) to base 9
2
10 (base 2) to base 7
2
What is -91 (base 11) in base 5?
-400
What is 2 (base 6) in base 8?
2
What is 18 (base 16) in base 4?
120
What is 112 (base 3) in base 10?
14
Convert -18 (base 12) to base 15.
-15
101 (base 4) to base 8
21
Convert -2 (base 12) to base 9.
-2
31 (base 16) to base 12
41
What is -71 (base 12) in base 4?
-1111
Convert -127 (base 8) to base 16.
-57
Convert -1 (base 14) to base 9.
-1
0 (base 10) to base 15
0
0 (base 5) to base 2
0
Convert 0 (base 9) to base 15.
0
What is -22 (base 8) in base 9?
-20
Convert -7 (base 10) to base 2.
-111
Convert -6 (base 7) to base 6.
-10
Convert -3 (base 12) to base 3.
-10
31 (base 16) to base 6
121
-214 (base 6) to base 15
-57
Convert 3 (base 14) to base 15.
3
What is 10 (base 11) in base 13?
b
1014 (base 6) to base 16
e2
-11 (base 2) to base 14
-3
What is -13 (base 5) in base 2?
-1000
Convert 1 (base 7) to base 12.
1
24 (base 5) to base 12
12
Convert -b (base 15) to base 12.
-b
-4 (base 10) to base 8
-4
81 (base 14) to base 2
1110001
-2 (base 10) to base 14
-2
-13 (base 5) to base 10
-8
-7 (base 10) to base 11
-7
1a (base 12) to base 9
24
-4 (base 11) to base 14
-4
Convert 3 (base 15) to base 13.
3
What is 1 (base 10) in base 5?
1
What is 7 (base 11) in base 16?
7
302 (base 7) to base 8
225
-14a (base 15) to base 9
-357
8d (base 14) to base 10
125
What is -5 (base 13) in base 3?
-12
What is 220 (base 3) in base 6?
40
13 (base 7) to base 4
22
Convert -41 (base 16) to base 13.
-50
3 (base 9) to base 16
3
-22 (base 13) to base 9
-31
310 (base 4) to base 3
1221
Convert 41 (base 14) to base 15.
3c
0 (base 9) to base 5
0
Convert b (base 12) to base 13.
b
What is 2b (base 16) in base 11?
3a
What is 12 (base 16) in base 10?
18
What is -2 (base 6) in base 4?
-2
Convert 7 (base 15) to base 4.
13
Convert -10 (base 6) to base 3.
-20
Convert 3 (base 5) to base 8.
3
-5 (base 10) to base 6
-5
-5 (base 16) to base 3
-12
What is -110111 (base 2) in base 7?
-106
What is 28 (base 15) in base 8?
46
10 (base 3) to base 2
11
What is 1 (base 15) in base 4?
1
Convert -19 (base 10) to base 2.
-10011
-12 (base 13) to base 8
-17
What is 6 (base 9) in base 6?
10
What is -2 (base 10) in base 14?
-2
What is -8 (base 12) in base 10?
-8
Convert 6 (base 14) to base 9.
6
Convert 0 (base 2) to base 12.
0
What is 3 (base 8) in base 10?
3
11 (base 14) to base 7
21
Convert -11 (base 2) to base 15.
-3
What is -1 (base 12) in base 7?
-1
-20 (base 3) to base 6
-10
Convert -11011 (base 2) to base 13.
-21
What is 12 (base 10) in base 13?
c
What is -100 (base 8) in base 11?
-59
What is a5 (base 12) in base 13?
98
-1 (base 13) to base 9
-1
Convert 110110 (base 2) to base 16.
36
What